-7?
7
Evaluate (29 - 32) + -2 + 1.
-4
What is the value of -5 - (-11 + 8) - (1 - -3)?
-6
What is the value of 4 + (-6 - (2 - 3)) + -2?
-3
Calculate 0 + (5 - 2) + 2.
5
2 + -10 + 8 - 5
-5
What is 3 + -2 + (-47 - -41)?
-5
Evaluate -1 - (-2 + -4) - 6.
-1
What is (8 + -9 - -9) + -1 + -4?
3
What is the value of 0 - -1 - (-11 + -2 + 8)?
6
Calculate -2 + (1 - (2 + -4)) + 1.
2
Evaluate -1 - (2 + -3) - (-43 - -42).
1
Calculate -14 - 0 - ((-2 - -2) + -5).
-9
Evaluate 1 - (-16 - -5 - (-1 + -2)).
9
(2 - (3 + -11 - -6)) + 1
5
(0 - 9) + 3 - 0
-6
Evaluate 3 + (2 - 6) + 2.
1
3 - (-5 - -2) - (-31 - -37)
0
What is the value of -4 + 9 - (1 + 1) - 4?
-1
What is (0 - 1) + 22 + -23?
-2
What is 29 + -32 - (-4 + -1) - 6?
-4
What is 4 + -6 + 1 + 4 + -2?
1
2 - 8 - (-9 + 3)
0
What is the value of (2 - (-2 - -4)) + -6 + 3?
-3
Calculate -40 + 40 + (2 - 1) + -7.
-6
Evaluate (17 + -2 - (-5 + 12)) + -7.
1
-4 + 0 + (-9 - -17 - 6)
-2
-2 - (4 + -4) - -4
2
1 + -4 + (0 - 2)
-5
0 - (-7 + 3 - -3)
1
Calculate 6 - -1 - (12 + -13).
8
7 - (-4 - -4 - -3)
4
What is (7 - 1 - (-9 - -17)) + 5?
3
Evaluate -2 - (-6 + 0 - -5).
-1
1 + (-9 - -6) - (0 + -2)
0
10 + (-4 - -3 - 5 - -1)
5
5 - (-15 + 1 - (-8 - 0))
11
Evaluate (2 - 7 - 0) + 10.
5
What is the value of 8 + 0 + 0 + -4?
4
Evaluate 0 + -5 + 5 - 4.
-4
(-5 - -1) + (8 - 7)
-3
What is (-8 - -7) + (2 - (2 + 4))?
-5
-33 - -33 - (-1 + 3)
-2
What is the value of -6 - -3 - ((-4 - -1) + 0)?
0
Evaluate (5 + 1 - 2) + (-2 - -2).
4
Calculate (6 - 3) + -2 + 3.
4
Evaluate (-6 - -4) + 4 - 2 - 2.
-2
Evaluate 3 - 10 - (-7 - (-3 - -9)).
6
Calculate (-10 - 3) + (-8 - -17).
-4
6 + -5 + -2 + 3 + 2
4
What is the value of -4 + 10 - (4 + -8 - -7)?
3
4 - (17 + (8 - 17))
-4
Calculate -4 + 0 - 3 - (-2 + -2).
-3
Evaluate (-154 - -156) + -1 + 4.
5
Evaluate -9 + 4 + 4 + -1.
-2
Calculate (0 + 8 - 5) + -13 + 17.
7
-8 + 12 - (-6 - -12)
-2
Evaluate 1 + 0 + 6 - (-3 - -3).
7
Calculate (0 - -5 - 10) + 0 - 0.
-5
-1 + (9 - 5) + -4
-1
What is the value of -4 + 0 + (39 - 37)?
-2
Calculate (-5 - (4 - 5) - 2) + 4.
-2
Calculate -3 + 3 - (-9 + 6).
3
-10 - (-6 - 7) - 6
-3
What is the value of -11 + (4 - -1) + (-4 - -4)?
-6
What is the value of -1 - (-4 + (0 - -3))?
0
-2 + (8 - (3 + -4)) - 3
4
What is 2 - ((0 - -1) + 31 + -36)?
6
(1 + -11 - 1) + 17
6
What is the value of -3 - -6 - 1 - 2?
0
1 + 0 + (1 - -1 - 1)
2
Evaluate 0 + 1 + (-3 - -2) + 3.
3
What is 0 - (3 + -6 - (-6 - -10))?
7
0 - -8 - 5 - 2 - -4
5
7 + 0 + (-4 - -17 - 22)
-2
What is the value of 4 + -3 + 3 - 4?
0
-115 - -109 - (3 - 1)
-8
What is (-5 - (1 - -1)) + 3?
-4
Calculate -5 - (-4 + -9 + 7).
1
What is (-6 - (-6 - 0)) + -2?
-2
Calculate 8 + 0 + (-2 - 2).
4
Calculate (-11 - (4 + -13)) + 4.
2
Evaluate 5 + 7 + (-3 - 5).
4
What is -2 + -4 + (-2 - -3) + 0?
-5
Evaluate (2 - (1 + -2)) + (25 - 29).
-1
What is 2 + -7 - -6 - 7?
-6
2 + (-7 - -3) - -6
4
Calculate 3 + -3 - (-4 + -5).
9
-1 + (1 - (6 + -3) - -4)
1
What is -1 + 1 + -1 + 0?
-1
-2 - 11 - (1 - 8)
-6
What is the value of 1 - 4 - (9 + 3 + -11)?
-4
What is the value of (12 - (6 + 2)) + -6 + 1?
-1
What is the value of 5 + -12 + 10 - (1 + -1)?
3
What is the value of 2 - -10 - (5 + 0 + 1)?
6
What is 6 - ((2 - 6) + 12 - 0)?
-2
-20 + 21 + -3 + 3
1
Evaluate 2 - (3 + -4 + 4).
-1
What is 5 + -3 - 12 - -7?
-3
-4 + 3 + 5 - 3
1
Calculate -10 + (-5 - (-15 - 0)).
0
Calculate -1 - 2 - (-1 - (2 - 3)).
-3
Calculate (0 + -1 - 6) + 4.
-3
Evaluate 13 - ((0 - -3) + 3 + 1).
6
Calculate 5 + 3 + (-2 - (7 + 1)).
-2
Evaluate (-9 - -2) + 3 + -5 + 14.
5
What is the value of 3 + (-9 - (-2 + 3)) + 5?
-2
What is (1 - (5 + 2)) + 4?
-2
0 - (1 - (-1 - -1))
-1
What is the value of -2 - ((-2 - -6 - -1) + -2)?
-5
Evaluate -3 + (-3 - -6 - 3) - 2.
-5
What is the value of -7 + (4 + (0 - 1) - -1)?
-3
What is the value of -34 + 30 + -2 + 2 + 2?
-2
Calculate -1 + 2 + -5 - -2.
-2
What is -6 + 7 - (1 - (6 - 1))?
5
Calculate 5 + (-4 - -7 - 14) + 6.
0
What is (0 - -4) + (6 - 11)?
-1
Evaluate -1 - -2 - (3 - (-2 + 2)).
-2
What is the value of -7 - (4 - (-4 - -10)) - -1?
-4
What is the value of -5 + 6 + 3 + -6 + 5?
3
What is 10 - (-1 + -1) - (3 - -2)?
7
What is 0 + 3 - ((-1 - -3) + -4)?
5
Calculate -7 + 3 + (5 - 2).
-1
What is the value of (5 - 7) + (-3 - -4) + -4?
-5
What is the value of (-50 - -53) + (-1 - 1 - 3)?
-2
What is the value of 36 - 44 - (0 + (-1 - 0))?
-7
What is the value of -1 + 14 + -3 + 1?
11
Evaluate 6 + -13 - (3 - 10).
0
(1 - 3) + 0 - (14 + -12)
-4
What is the value of 3 - (-6 + 1 - (-28 + 21))?
1
What is -2 + 5 - 2 - (-2 + 5)?
-2
Calculate 2 + (1 - 2) + -1 - 1.
-1
Evaluate 6 + -26 + 12 + 1 + 1.
-6
Evaluate 2 - (3 + 0 + 5).
-6
What is the value of -4 + 1 + (6 + -4 - -6)?
5
4 + -9 - -9 - (0 + 3)
1
Calculate (5 + -3 - 5) + (10 - -1).
8
What is the value of 11 - 0 - (6 - 8 - -7)?
6
What is the value of 0 - (4 + -9 + 12)?
-7
Evaluate (-1 - 2) + (-13 - -1) + 6.
-9
Calculate -8 - ((-12 - -12) + -13).
5
2 - (-1 + 9) - -11
5
Calculate -5 - (13 - 11 - (11 + -4)).
0
What is the value of 0 - (14 + -14 + 0 + 4)?
-4
Calculate -25 + 20 - (0 + -3).
-2
What is the value of 17 + -3 + 1 + -9?
6
What is the value of -1 + (8 - (12 + -2))?
-3
What is the value of (31 - 7) + -24 - (1 + 6)?
-7
Evaluate 5 - (-3 - -7 - 1).
2
What is (2 - 3) + 4 + -1?
2
What is the value of -3 - -1 - (2 + (-3 - -3))?
-4
Calculate 8 + -4 + -6 + 0.
-2
Calculate -15 + (0 - -4) + (-8 - -10).
-9
Evaluate -2 + 12 + -3 + -2.
5
-6 + 7 + 10 + -8
3
Evaluate (9 - (-3 - 1)) + -8.
5
What is 1 + ((3 - 4) + -3 - 0)?
-3
Evaluate 13 + -30 + 11 + 9.
3
Calculate 6 + -15 + 2 + 8.
1
What is -10 + 3 - (-10 - (10 + -11))?
2
Evaluate -14 + 7 + 5 - 3.
-5
Calculate (2 - -2) + (-6 - -4 - 1).
1
(3 - (-1 - 0)) + 9 + -12
1
What is the value of -5 - -9 - (1 + 0)?
3
3 - (2 + (-1 - -4) + -2)
0
Calculate (7 - 9) + 4 + -2 - -7.
7
-2 - (6 + (-7 - 1)) - 5
-5
Evaluate -1 + 0 - (0 + (-8 - -2)).
5
What is -4 - (4 - ((-1 - -2) + 3))?
-4
(9 - -2 - 8) + -8
-5
Evaluate (-3 - -5) + (1 - 7).
-4
What is (12 - (4 + -1)) + (0 - 0)?
9
What is 3 - (0 - 0 - 0)?
3
What is (2 - (-5 + 6)) + -5?
-4
((-2 - -8) + -1 - 10) + 4
-1
What is the value of 3 - (7 + -8 - 1)?
5
Calculate 5 - (2 + -7 + 8).
2
Evaluate -4 + 2 - (-26 - -19).
5
Evaluate -1 - (-7 + 6 - 2).
2
What is the value of 2 + (2 - (0 + 4 + -1))?
1
Evaluate -5 - (-1 + -8 + 8).
-4
What is the value of (-2 - (-1 - 0)) + 3?
2
-13 + (-8 - (-1 - 13))
-7
Calculate 6 - (19 + -16 - (0 + 3)).
6
Evaluate -59 - -71 - (1 + 14).
-3
(-10 - -9) + (1 - 5)
-5
What is 1 + (2 + 4 - 2 - 6)?
-1
What is the value of 2 - ((2 - 1) + 9 + -9)?
1
What is -2 + 1 + -3 + 1 + 0?
-3
Calculate 4 + 3 + (-9 - -6).
4
What is the value of -3 + 9 - 12 - -9 - 13?
-10
What is -1 + -1 + (-2 - -3 - 1)?
-2
Calculate 3 + 1 - (20 + -18).
2
Evaluate (-5 - 4) + 0 + (7 - 2).
-4
Evaluate -3 - (3 - -2 - 11).
3
-1 + -4 + -1 + 4
-2
Calculate -3 + -2 + 5 + -10 - -6.
-4
Evaluate (-4 - (1 - 1)) + 2 + -3.
-5
Evaluate (4 + -5 - 0) + 2.
1
-15 + 3 + (2 - 4) + 6
-8
Calculate -1 + -1 + (2 + 1 - 2).
-1
Calculate (0 - 6) + (6 - 4).
-4
Calculate 2 + -4 + -4 + 7 + -5.
-4
Calculate (-5 - -4) + (-8 - -9).
0
Calculate -6 - (-12 - (-5 + 4)).
5
(-4 - (-7 - -3)) + 1
1
What is -3 + 9 + -3 - 1?
2
What is -4 - (3 - 7 - -3)?
-3
What is the value of -1 + 0 + 5 + -5?
-1
4 + -5 + (10 - 16)
-7
What is -17 + 9 - (-4 - 0)?
-4
What is the value of -1 + (8 - 3 - 1)?
3
-14 - (5 + -6 + 6 - 12)
-7
Calculate 0 - ((3 - 1) + 0).
-2
What is 4 - (-6 - -10 - -4) - -5?
1
What is the value of 223 + -214 - (0 - (-5 - -2))?
6
Calculate (3 - 11 - -1) + (13 - 11).
-5
What is -2 + (-4 - 0 - -6)?
0
What is the value of (-18 - -20) + (-2 - -2 - -2)?
4
Evaluate (3 - (-3 + 4)) + (-11 - -13).
4
Calculate 0 + -1 + (-4 - -3) + 1.
-1
1 - -13 - 9 - (0 + 0)
5
Evaluate -1 + -10 + (9 - 5).
-7
0 - (3 - 5 - (1 + -1))
2
Evaluate -1 - ((5 - (0 - -1)) + -3).
-2
Evaluate -10 + 11 + -6 + 13.
8
What is the value of -1 + 2 + (-8 - (0 - 6))?
-1
What is the value of 7 - -4 - (0 + 6)?
5
-3 + 9 + 0 + -10
-4
Calculate (5 - 3) + 1 + 1.
4
2 + 1 + (25 - (6 + 12))
10
What is the value of 3 - (4 + -4 + -2 + 3)?
2
Evaluate -4 - -11 - 2 - 2 - -4.
7
What is the value of 8 - ((-13 - -10) + 6)?
5
What is the value of -7 - (-7 + -3 - -3 - 1)?
1
6 + -18 + 14 + -7
-5
What is 8 - (-1 + (2 - 1))?
8
Evaluate 5 + -8 + 2 + -1 + -3.
-5
Evaluate 6 + -10 + -1 + (3 - 2).
-4
Evaluate (-3 - (4 -